. What is the units digit of k?
3
Let u = 0 + 6. Suppose 140 = 4*h - 4*z, z + u = -z. Suppose -m - h = -5*m. What is the units digit of m?
8
Let f(b) = 2*b**2 + 23*b - 31. What is the tens digit of f(-18)?
0
Suppose -w - 3*t + 54 = 0, 3*t = w + 8*t - 64. What is the units digit of w - (0 + 2 - 3)?
0
Let v(f) be the first derivative of 3*f**2/2 - 5*f + 5. What is the tens digit of v(5)?
1
Suppose -v - 3*v = -20. Suppose v*n + 2*k - 120 = 0, n - 3*k = -0*n + 41. What is the units digit of n?
6
Let i = 61 + -40. Let p = -11 + i. What is the tens digit of p?
1
Let j(h) be the second derivative of 7*h**5/20 - h**4/12 + h**3/6 - h**2/2 - 6*h. What is the units digit of j(1)?
6
Let n(s) = 5*s - 3 - 6*s + 16 + 0*s. What is the tens digit of n(-10)?
2
Let g = -18 - -56. What is the tens digit of g?
3
Suppose 0 = -6*z - 10*z + 4352. What is the hundreds digit of z?
2
Suppose 2*g + 94 = 4*v, 4*v - 5*g = 102 + 1. What is the units digit of v?
2
Let o = 0 + 0. Suppose 0 = 5*f - o*f - 175. Let b = f + -19. What is the tens digit of b?
1
Suppose -5*i = 2*h - 0*i - 25, -3*h = -2*i + 10. Let g be -2 + 32 + h + 1. Let u = g + -20. What is the units digit of u?
1
Let m = 2 + 3. Let g be ((-40)/(-15))/((-2)/(-3)). Suppose 3*p - 21 = -g*q, -m*q + 46 = -q - 2*p. What is the units digit of q?
9
Let q = 71 + -13. What is the tens digit of q?
5
Let q(d) be the third derivative of -d**2 - 7/6*d**3 + 1/12*d**4 + 0 + 0*d. What is the units digit of q(5)?
3
Let b(o) = o**2 + 5*o + 6. Let x be b(-4). Suppose 4*m = x*m + 2. What is the units digit of (0 - 5)/(0 - m)?
5
Let i(a) = 2*a + 2. Let j be i(6). Let o = -8 + j. What is the units digit of o/(-4)*4/(-6)?
1
Suppose 3*w + 151 = -3*v - v, -150 = 5*v - 4*w. Let o = -17 - v. Let a = o + -10. What is the units digit of a?
7
Let n be (1660/15)/(4/6). Suppose 0 = -3*p + n - 64. What is the tens digit of p?
3
Let q(k) = k**3 - 2*k + 1. Let d be q(2). Let h = -3 + d. What is the units digit of h?
2
Let g(q) = -q + 30. What is the tens digit of g(-17)?
4
Let v = -11 - -8. What is the units digit of (-2)/(-3)*v + 13?
1
Suppose -3*m = 5*o - 416, 5*o + 2*m - 5*m - 404 = 0. What is the units digit of o?
2
Let n(o) be the first derivative of o**2/2 - 7*o + 4. What is the units digit of n(10)?
3
Let x(p) = -p + 11. Let y be x(8). Suppose y*o = -o + 36. What is the units digit of o?
9
Suppose -4*p - 6 + 19 = -l, -3*l = 2*p - 17. Suppose 10 = -3*s + p*c, -c = -4*c + 12. What is the units digit of s?
2
Let g be 3/2*(-16)/(-8). Suppose g*l = 4*l. What is the units digit of l + (0 - 1 - -3)?
2
Let q(d) = -6*d**2 + 0*d**2 + 6 + d**3 + 5*d + d. Suppose 0*h = -6*h + 30. What is the units digit of q(h)?
1
Let z(p) be the first derivative of -1/4*p**4 - 1/3*p**3 + 3 - 2*p + 1/2*p**2. What is the tens digit of z(-3)?
1
Let c(j) = -15*j**2 + 1. Let p(n) = n + 2. Let d be p(-1). Let k be c(d). What is the units digit of (-20)/(-28) + (-4)/k?
1
Let n(a) = -49*a - 2. What is the units digit of n(-1)?
7
Suppose -s + 2*s = 3. Suppose y + s*y = 20. Let b = 9 - y. What is the units digit of b?
4
Let d(r) = 2*r**2 + 9*r. Suppose -5*o + 8 = -7. Let u be o - 1 - (-48)/(-6). What is the units digit of d(u)?
8
Let v = 14 + -7. What is the units digit of v?
7
What is the units digit of 4/8*(-186)/(-3)?
1
Let t = 89 - 58. What is the units digit of t?
1
Suppose -5*l = -l + 3*s - 19, -3*s = -5*l + 17. Suppose 0 = 4*r - 2*r + 3*y + l, -4*y - 4 = 4*r. What is the units digit of r?
1
Suppose -5*v + 3*v = 24. Let i = v + 43. What is the tens digit of i?
3
Suppose s - 3*v = 108, -v + 1 = 3. What is the tens digit of s?
0
Let p be (-3)/6 + (-65)/(-10). What is the tens digit of 137/p - (-3)/18?
2
What is the units digit of 6/9 - 201/(-9)?
3
Suppose -33 = -b - 14. What is the units digit of b?
9
Suppose 3*s + 125 = -2*s. Let f = s - -38. What is the units digit of f?
3
Let s(i) = i - 1. Let o(l) = -8*l. Let m(y) = -o(y) - s(y). What is the units digit of m(2)?
5
Let a = 4 - 2. Suppose a*l = 5*l. Suppose r + l*r - 4 = 0. What is the units digit of r?
4
Let a = 2 + -7. Let s be 0 + (-2)/3*-3. What is the units digit of (-4)/a + s/10?
1
Let c be 134/6 - 4/12. Let d = 13 - c. Let g = d - -24. What is the tens digit of g?
1
Let k = -37 + 64. Suppose g + 3 = 5*x + k, 0 = -4*x - g - 12. What is the units digit of (x/(-10))/(1/10)?
4
Let h = -2 + 23. Suppose i + 2 = h. What is the tens digit of i?
1
Let j = 4 + -10. Let d be ((-4)/3)/(4/j). Suppose -3*i - w = -17, d*w + 20 = -3*w. What is the units digit of i?
7
Suppose 0 = 3*f - 3*p - 2*p - 37, -4*f + 68 = -2*p. What is the tens digit of f?
1
Suppose 0 = -a - 3*u + 179, -2*a - 8*u = -3*u - 362. What is the hundreds digit of a?
1
Suppose -3*q - f = -258, 0*f + 4*f - 352 = -4*q. What is the units digit of q?
5
Suppose 8*r = 3*r - y + 530, 5 = -y. What is the tens digit of r?
0
Suppose -114 - 22 = -2*s. What is the units digit of s?
8
Suppose 0 = i - 5 + 3. Suppose -3*w + i = -10. Suppose -5*l = r - 3*r - 16, 2*l = w*r. What is the units digit of r?
2
Let n(w) = 9*w - 7. Let d be n(-5). What is the units digit of (0 - 1)*d/4?
3
Let w = 22 + -10. Let v be -3*(-4)/(-18)*-3. Suppose v*g = -g + w. What is the units digit of g?
4
Suppose -9*q + 42 = -129. What is the units digit of q?
9
Let b(n) = -4*n + 17. Let k be b(12). What is the units digit of (-9)/3 - 1*k?
8
Suppose 5*a + 173 = 2*o, -3*o - 7 = a + 14. Let u = -12 - a. What is the tens digit of u?
2
Let c(a) = -a**3 - 4*a**2 - a - 5. Let s be c(-4). Suppose -f - 3 - 1 = 0. Let z = s - f. What is the units digit of z?
3
Let d = 110 - 57. What is the tens digit of d?
5
Let b = 2 - -1. Suppose 5*s = m + s - 3, s - 61 = -b*m. What is the tens digit of m?
1
Let w = -15 + 7. Let q = 11 + w. What is the units digit of q?
3
Let t = 12 + 20. What is the tens digit of t?
3
Let d(x) = -x**3 - 8*x**2 - 3*x - 4. What is the tens digit of d(-8)?
2
Let g be (-3 + 4)*(0 - 2). Let d be g*(-31)/2 + -2. Suppose -d + 99 = 5*m. What is the units digit of m?
4
Let u(q) = -8*q - 12. Let r(z) = -z. Let k(d) = -10*r(d) + u(d). Let y = 0 + 12. What is the tens digit of k(y)?
1
Suppose 27 = -5*o + 7. Let x = -1 - o. Suppose -n = -x*f + 26, 4*f = 3*n + 13 + 20. What is the units digit of f?
9
Let z = 14 + -13. What is the tens digit of (-20)/((-1)/z*1)?
2
Suppose -2*g + 3 - 13 = 0, -b - 4*g = -886. Let m be b/30 + (-2)/10. Let c = -20 + m. What is the tens digit of c?
1
Let x(n) = -n**3 + 9*n**2 + 4*n - 6. What is the tens digit of x(9)?
3
Let h(y) = y**2 + 12. Let v(w) = -w**3 + 5*w**2 - 4*w. Let s be v(4). What is the tens digit of h(s)?
1
Let q(s) = 3*s + 11. Let f(o) = 7*o + 21. Let k(l) = -2*f(l) + 5*q(l). What is the units digit of k(-9)?
4
Let t = -46 + 74. What is the units digit of t?
8
Let m = -206 + 300. What is the units digit of m?
4
Suppose 0 = -a + 45 + 37. What is the tens digit of a?
8
Let y(d) = -d**3 + 5*d**2 - 6*d + 6. Let v be y(4). What is the units digit of (8/(-6))/v*3?
2
Let y(v) = 2*v + 0 + 0*v - 10 + v. Suppose -3 = -l + 6. What is the units digit of y(l)?
7
Let n(v) = -8*v**3 + v**2 + 5*v + 3. What is the tens digit of n(-2)?
6
Suppose x + 2*t = 107, 2*t - 551 = -5*x - 0*t. What is the units digit of x?
1
What is the units digit of (-3 + -74)/(2 + (-2 - 1))?
7
Suppose 3*z = -4 - 2. What is the units digit of z/(-10) + (-376)/(-20)?
9
Suppose -v - 5*h = -8, -v + 3*h = -4*v. Let c(w) = -8*w - 3. What is the units digit of c(v)?
3
Let t = 10 + -3. Suppose -5*n + 4 = -o + t, 5*n = 4*o - 12. Suppose n = 3*s + 4*a - 11, -33 = -5*s - a - 2*a. What is the units digit of s?
9
Suppose 0*a + 343 = 7*a. What is the units digit of a?
9
Suppose -2*f - 4*u = -48, -6*u - 109 = -4*f - u. Let y = -15 + f. Let q = y - 4. What is the units digit of q?
7
Let t = -14 - -19. Let l = 23 + -11. Let k = l - t. What is the units digit of k?
7
What is the units digit of ((-16)/(-5))/(6/15)?
8
Let n(c) = -c**3 - 3*c**2 + 2. Let o = -3 + 0. What is the units digit of n(o)?
2
Let i(f) = f**3 + 8*f**2 - 12*f - 4. What is the tens digit of i(-9)?
2
Let i(p) = -2*p - 8. Let y be (0 - -2)*15/2. Let d be 50/(-6) - (-5)/y. What is the units digit of i(d)?
8
Let q(m) = 0*m + 2*m**3 + m + 2*m**2 - m**3 + 2*m**2 - 3. Let l be q(-3). Let t = 2 + l. What is the units digit of t?
5
Suppose f + 0 = m + 6, -4*f + 2